 3273. Give p(-30).
-2283
Let w(f) = 2*f**3 + 23*f**2 - 52*f - 468. Determine w(-16).
-1940
Let g(s) = 1439712*s - 17276557. Determine g(12).
-13
Let g(x) = 2*x**3 + 9*x**2 + 554*x + 2810. Calculate g(-5).
15
Let g(h) = 49192*h + 24448429. Determine g(-497).
5
Let n(f) = -3024*f + 1560382. Give n(516).
-2
Let t(x) = x**3 + 57*x**2 - 58*x + 2253. Calculate t(-59).
-1287
Let k(a) = -399*a**2 - 151*a - 197. Give k(2).
-2095
Let v(m) = -167*m**3 - 7*m**2 - 4*m + 74. What is v(-3)?
4532
Let d(z) = 186808*z + 373731. Calculate d(-2).
115
Let h(z) = -6*z**2 - 12*z + 13. Give h(3).
-77
Let f(y) = -y**2 + 61826*y - 185466. Determine f(3).
3
Let n(i) = 436*i + 1407. Calculate n(-1).
971
Let w(o) = 3*o**2 - 17*o - 3621. Determine w(42).
957
Let d(v) = 53304*v + 319883. Calculate d(-6).
59
Let s(o) = -36893*o + 16306680. Calculate s(442).
-26
Let r(o) = -22*o**3 + 437*o**2 - 17*o - 604. Calculate r(20).
-2144
Let t(p) = -248*p**2 - 508*p - 24. Determine t(-2).
0
Let a(i) = 692*i**3 - 183*i + 184. Calculate a(1).
693
Let y(j) = j**3 - 334*j**2 + 923*j + 22782. What is y(331)?
-388
Let r(a) = -273*a + 37708. What is r(138)?
34
Let g(k) = -8*k**3 - 272*k**2 + 289*k - 152. Determine g(-35).
-467
Let g(o) = -10*o**3 + 621*o**2 - 54*o - 303. What is g(62)?
193
Let j(g) = -2*g**2 + 19025*g - 965055. Calculate j(51).
18
Let p(r) = r**2 + 883*r + 195813. Give p(-446).
911
Let b(z) = z**2 - 1433*z + 8552. Determine b(6).
-10
Let m(v) = 148*v + 1386. What is m(-8)?
202
Let q(p) = -2*p**3 - 101*p**2 + 4398*p + 283. Determine q(28).
339
Let a(c) = -c**3 + 87*c**2 + 118*c - 465. Determine a(88).
2175
Let k(m) = -8547*m + 42703. Calculate k(5).
-32
Let z(r) = r**3 + 84*r**2 - 4898*r - 409104. Calculate z(-85).
1
Let s(d) = -148462*d - 1336115. What is s(-9)?
43
Let w(r) = 1668*r + 130449. Determine w(-78).
345
Let t(b) = -4*b**2 + 2264*b - 20051. What is t(557)?
1
Let y(k) = -7*k**2 - 1055*k + 17774. Calculate y(-166).
12
Let n(x) = 185*x - 25701. Determine n(139).
14
Let n(q) = 1147*q + 24015. What is n(-21)?
-72
Let u(r) = 6073*r + 61595. Give u(-10).
865
Let o(j) = -1477*j - 7316. Determine o(-5).
69
Let j(x) = -3710*x - 51244. What is j(-14)?
696
Let f(r) = 351*r**2 + 7427*r - 32. Calculate f(-21).
-1208
Let c(x) = -3*x**2 - 246*x - 3851. Calculate c(-62).
-131
Let o(w) = 22180*w + 1375166. What is o(-62)?
6
Let l(m) = -9139*m**2 - 36561*m + 3. What is l(-4)?
23
Let m(f) = 2*f**2 + 1064*f - 10876. Determine m(10).
-36
Let k(y) = -25*y**2 + 8779*y + 477198. Give k(399).
-6
Let h(p) = -p**3 - 36*p**2 - 175*p + 577. Determine h(-29).
-235
Let g(l) = 855*l**2 - 5116*l - 30. Determine g(6).
54
Let p(s) = 10*s**2 - 54*s - 98. Calculate p(-6).
586
Let s(d) = 11*d**3 + 57*d**2 + 289*d + 6. Give s(-5).
-1389
Let r(b) = -b**3 - 378*b**2 - 201*b - 75951. Determine r(-378).
27
Let l(u) = -992*u - 52210. What is l(-53)?
366
Let y(p) = 2*p**3 + 364*p**2 + 1069*p - 872. Determine y(-179).
23
Let k(t) = t**2 + 3029*t - 267874. What is k(86)?
16
Let j(u) = 15*u**2 + 228*u + 723. Determine j(-6).
-105
Let i(m) = 63241*m + 568940. Determine i(-9).
-229
Let t(i) = i**3 - 150*i**2 - 591*i - 3896. Calculate t(154).
-46
Let z(x) = -1986*x - 27781. What is z(-14)?
23
Let i(z) = 383*z**2 - 1176*z + 76. Give i(3).
-5
Let q(a) = -a**3 + 139*a**2 - 4586*a + 38582. Calculate q(95).
12
Let o(x) = -6*x**3 - 18*x**2 + 80*x - 84. What is o(-6)?
84
Let u(n) = -n**2 - 425*n - 4603. Determine u(-11).
-49
Let l(s) = -59515*s - 22496675. What is l(-378)?
-5
Let h(n) = 78*n - 31. What is h(-25)?
-1981
Let p(d) = 330*d**2 + 84886*d + 19528. Give p(-257).
-4
Let l(d) = -d**3 + 2*d**2 + 62*d + 150. Calculate l(-5).
15
Let a(b) = 17*b**2 + 3176*b + 5729. Determine a(-185).
-6
Let h(y) = 62*y**2 - 509*y + 171. Determine h(10).
1281
Let u(o) = -2116*o - 281458. What is u(-133)?
-30
Let u(z) = 2*z**3 + 11*z**2 - 17384*z - 767. Calculate u(-96).
1
Let a(y) = 4*y**2 + 2*y - 1996. What is a(-22)?
-104
Let o(w) = 4*w**2 + 274*w + 1458. What is o(-65)?
548
Let c(w) = 248*w**3 + 1243*w**2 + 9*w - 35. Determine c(-5).
-5
Let g(l) = -562*l**2 + 6712*l + 444. Give g(12).
60
Let m(k) = -k**2 - 25288*k + 1013256. Determine m(40).
136
Let b(a) = -3441847*a - 10325541. Determine b(-3).
0
Let o(q) = -31290*q - 594512. Give o(-19).
-2
Let d(c) = 5841*c - 41489. Determine d(7).
-602
Let m(n) = -n**3 + 92*n**2 - 477*n - 209. Give m(6).
25
Let z(i) = -i**2 + 130678*i - 653366. Calculate z(5).
-1
Let h(r) = -17575*r - 158151. Give h(-9).
24
Let t(h) = 3*h**2 - 81*h - 61. What is t(28)?
23
Let z(u) = 33*u**2 + 5639*u - 872. What is z(-171)?
-188
Let k(f) = 24*f**2 - 669*f - 75897. Determine k(-44).
3
Let a(z) = 7*z**2 + 1305*z - 7888. What is a(6)?
194
Let i(n) = 140*n**2 + 109*n + 95. Determine i(-1).
126
Let i(b) = -2139*b - 156125. Give i(-73).
22
Let p(k) = -k**3 + 62*k**2 + 512*k - 3. Calculate p(-7).
-206
Let d(p) = -3922934*p - 23537584. Give d(-6).
20
Let h(p) = p**3 + 17*p**2 + 333*p + 12021. Give h(-24).
-3
Let c(u) = 10*u**2 + 3345*u - 23498. What is c(7)?
407
Let s(z) = 162776*z + 651225. What is s(-4)?
121
Let l(m) = -52*m**3 - 354*m**2 - 292*m - 252. Determine l(-6).
-12
Let y(a) = -106*a**2 - 1386*a + 42. Determine y(-14).
-1330
Let x(k) = -3*k**3 + 5*k**2 - 12*k + 208. Calculate x(-7).
1566
Let r(y) = -16339*y - 865965. Give r(-53).
2
Let l(k) = 61*k**2 - 4276*k + 105. Determine l(70).
-315
Let m(i) = 11*i**2 + 50*i - 113. Give m(7).
776
Let m(u) = -5163*u - 31550. Give m(-6).
-572
Let s(b) = -b**3 + 82*b**2 + 3*b + 226. Give s(82).
472
Let y(a) = -143395*a - 143420. Give y(-1).
-25
Let t(u) = 2*u**3 - 34*u**2 - 4767*u - 177. Give t(-41).
274
Let f(g) = 44782*g + 44795. What is f(-1)?
13
Let k(o) = -o**2 - 114*o - 3016. Give k(-62).
208
Let n(o) = o**2 - 91*o - 12936. Determine n(-77).
0
Let u(l) = 2*l**2 - 32*l - 497. Determine u(-20).
943
Let g(d) = -698*d - 25544. What is g(-36)?
-416
Let k(x) = -284566*x - 1707375. What is k(-6)?
21
Let s(j) = j**2 + 396*j + 4012. Determine s(-10).
152
Let a(r) = -183*r - 3185. Give a(-13).
-806
Let t(n) = -2*n**2 - 8279*n - 107289. Calculate t(-13).
0
Let c(d) = 1294*d**3 - 878*d + 5. What is c(0)?
5
Let h(y) = 150*y**2 - 12772*y + 1851. What is h(85)?
-19
Let z(y) = 169*y**2 - 131*y - 1. Give z(2).
413
Let v(a) = 5*a**2 - 428*a + 362. Calculate v(82).
-1114
Let z(l) = -2*l**2 + 531*l - 16137. Give z(29).
-2420
Let c(i) = 262771*i - 2627705. Determine c(10).
5
Let s(g) = -g**2 + 18*g + 406. Calculate s(-12).
46
Let u(n) = -n**3 - 19*n**2 - 435*n - 6770. Calculate u(-17).
47
Let y(w) = -1958*w - 62307. What is y(-32)?
349
Let z(y) = -807*y - 32185. Determine z(-40).
95
Let j(y) = y**2 + 3941*y - 280645. What is j(70)?
125
Let n(p) = -28344*p - 1020385. What is n(-36)?
-1
Let j(f) = 165*f**2 - 52*f + 6. Give j(3).
1335
Let c(b) = 12822*b - 1141150. What is c(89)?
8
Let m(f) = f**3 + 11*f**2 + 40*f + 76. Determine m(-11).
-364
Let i(v) = 2466103*v - 29593217. Calculate i(12).
19
Let q(h) = -5195*h - 10512. Determine q(-2).
-122
Let t(u) = u**2 - 141674*u - 7936875. What is t(-56)?
5
Let b(m) = -m**2 + 53*m - 285. Calculate b(36).
327
Let p(a) = 124*a**2 + 64*a + 14. Give p(-2).
382
Let z(d) = d**3 + 167*d**2 - 6428*d - 11791. What is z(-199)?
149
Let w(b) = -b**2 + 4384*b + 57150. Calculate w(-13).
-11
Let n(t) = t**3 + 200*t**2 - 3221*t + 875. Determine n(-215).
15
Let y(n) = n**2 - 1564*n + 9409. What is y(6)?
61
Let s(k) = -3*k**3 + 36*k**2 + 389*k + 4. Calculate s(-9).
1606
Let o(u) = 2*u**3 - 82*u**2 + 78*u - 3199. Determine o(41).
-1
Let m(k) = k**3 + 1067*k**2 - 2*k + 19. What is m(0)?
19
Let q(h) = -44*h**3 + 1187*h**2 + 30*h + 32. Give q(27).
113
Let l(c) = -475060*c + 950125. Determine l(2).
5
Let s(c) = 5*c**2 - 136*c + 1693. Determine s(15).
778
Let f(u) = 804*u + 9198. Give f(-12).
-450
Let d(r) = 2*r**2 + 48*r + 139. Determine d(-33).
733
Let m(k) = -k**3 - 79*k**2 - 417*k - 201. Determine m(-73).
-1734
Let s(b) = -b**3 + 88*b**2 - 188*b + 647. Give s(86).
-729
Let d(r) = -r**2 - 138*r + 5728. Give d(-173).
-327
Let k(x) = x**2 + 3103*x + 52399. Calculate k(-17).
-63
Let c(p) = -2*p**2 - 231*p - 2351. What is c(-11)?
-52
Let z(i) = -303*i**2 + 505*i - 11. What is z(-1)?
-819
Let k(a) = 3*a**3 - 721*a**2 + 1440*a + 11. What is k(2)?
31
Let q(b) = -5*b**2 + 224*b